 7901. Is o a prime number?
True
Let o = 2157144 - 892967. Is o a composite number?
False
Let v(d) = 12*d + 8. Let l be v(-3). Let q be (l/(-35))/((-1)/(-105)). Suppose 79*c + 2245 = q*c. Is c a prime number?
True
Is (-10)/35 - (-3 - (4 - 3585216/(-42))) a prime number?
True
Let j(d) = -4*d**2 + 6 - 2*d - 4*d + 9235*d**3 + 2*d + 2*d**2. Is j(1) a prime number?
False
Suppose 32*p + 14*p - 253839 = 2089309. Is p composite?
True
Let f be (-15)/(15/(-8)) - 4. Suppose -3*n + 5*u + 10919 = 0, -6*n + 4*n + f*u = -7278. Is n a composite number?
False
Let w = 3032 + -3036. Let y(x) = -x**2 + 6*x - 1. Let c be y(6). Is ((-92)/5 + 2)*(c + w) a prime number?
False
Let k(q) = -q**2 + q - 1. Let x(p) be the third derivative of -19*p**5/30 - 5*p**4/4 - 4*p**3/3 - 14*p**2. Let o(g) = -5*k(g) - x(g). Is o(-6) a prime number?
False
Let s(p) = 43*p + 312. Let y(b) = 28*b + 207. Let d(j) = 5*s(j) - 7*y(j). Is d(8) prime?
True
Let h = 7 + -3. Suppose -11*o = -h*o - 175. Let u = o + -22. Is u prime?
True
Suppose 4*y = 83927 - 2195. Let b = y + -9754. Is b prime?
False
Let v be (43 - 38)/(2/56). Suppose m + 4*y - 15 = -0, v = 4*m - 4*y. Is m prime?
True
Let r(m) = 3*m**2 + m. Let d be r(2). Suppose 5*v + 75 = -54*s + 59*s, 49 = 3*s - 4*v. Suppose s*c + 12711 = d*c. Is c a composite number?
True
Suppose 4*l - 3*r - 42908 = 0, -2*r - 13 = -5. Let h be 548/18 - (-124)/(-279). Suppose 2*t - l = -h. Is t a composite number?
False
Suppose 2*b = 387 + 907. Let w = b + 1032. Suppose -w = -5*f - 504. Is f a composite number?
True
Let f = 44 - 62. Let v = -13 - f. Let l(i) = 18*i**3 + 3*i**2 - 4*i - 14. Is l(v) a composite number?
True
Let l(u) = 568*u**3 - 4*u**2 - 3*u + 6. Let y be l(2). Let f = y - 2069. Is f a composite number?
False
Let g(f) = 22*f**2 + 7*f - 12. Let o = -5 + 16. Let t(i) = -109*i**2 - 34*i + 61. Let n(s) = o*g(s) + 2*t(s). Is n(5) a prime number?
False
Suppose 9*f - 17*f + 56 = 0. Suppose -5850 = -4*h + 2*l, -f*h + 7310 = -2*h - 3*l. Is h prime?
False
Let p = -36 - -50. Let z be (-399)/p*416/(-12). Let k = z - 137. Is k composite?
True
Suppose -5*a = -3*b - 0*b - 20, 8 = 4*b + 2*a. Suppose -s - 5491 + 13264 = -n, -4*s + 3*n + 31092 = b. Is s prime?
False
Is 241*62284/36 - 16/(-216)*3 prime?
True
Suppose 5*p + 2*y = -8, -30*y + 28*y - 8 = 2*p. Suppose j - 370 - 507 = p. Is j composite?
False
Let l(f) = -10682*f + 3065. Is l(-144) prime?
True
Suppose u - 6*w = -7*w - 3, -u = 5*w + 23. Suppose -p - 2*i + 0*i + 1717 = 0, 3*p - 5135 = -u*i. Is p prime?
True
Suppose 6*c - 730944 = 2*c - 5*q, -5*c - 2*q + 913663 = 0. Is c a composite number?
True
Let n(c) = c**2 - 7*c - 59. Let a be n(12). Is (-103*(12 - 11))/((-1)/a) a prime number?
True
Let a(t) be the first derivative of t**5/20 + 17*t**4/12 + 10*t**3/3 - t**2/2 + 21*t - 23. Let s(g) be the first derivative of a(g). Is s(-14) a prime number?
True
Let b = 32339 + -22982. Is b composite?
True
Let i = 162089 - -140222. Is i a prime number?
False
Suppose o = -2*c + 9534, 0 = 16*c - 20*c - 4*o + 19064. Let v = 2 - -3. Suppose -t + 1173 = v*w, 4*t + w - c = -0*w. Is t composite?
False
Let g(d) = 73*d**2 - 400*d + 176. Is g(21) a composite number?
True
Let q = -64 - -244. Let j = 514 + q. Let h = -483 + j. Is h a prime number?
True
Let b = 42837 + 69010. Is b a prime number?
True
Let b = 87 - 87. Suppose b = 3*j + 5*n - 1982, 6*n - 654 = -j + 11*n. Is j a composite number?
False
Let c = 52059 - 35818. Is c a prime number?
False
Let b be (-3)/((-44)/80 - 6/(-8)). Let h(y) = -3*y**2 + 18*y + 34. Let m(g) = -g**2 + g. Let w(a) = h(a) - 4*m(a). Is w(b) composite?
True
Is (-4 - 7147/(-3))*27 - -2 a prime number?
True
Suppose -30 = -17*k + 4. Suppose -2*c - 22*z = -18*z - 20634, -k*z - 41258 = -4*c. Is c composite?
True
Let l = 7 - 0. Suppose -l - 3 = -5*c. Suppose 5*p = -5 - 0, c*j = -2*p + 1392. Is j a prime number?
False
Let a(v) = v**3 + 34*v**2 - 33*v - 97. Is a(-30) a composite number?
False
Let p be (-2)/14 + 7063/49. Let v(f) = -7 + 65*f - 133*f - 50*f - p*f. Is v(-3) a prime number?
False
Let x = 2395 - 56. Let t = x + -1222. Is t prime?
True
Is 3 + (5 - (-9*3/(-9) - 193910)) composite?
True
Let v = -47 + 52. Let r(s) = 13*s**3 - 6*s**3 + 2 - v*s**2 + 6*s**3 + 0 + 3*s. Is r(5) a composite number?
True
Let k(g) be the first derivative of g**4/4 - g**2/2 + 149*g + 1. Suppose 7*q + 20 = 3*z + 2*q, 4*z + 3*q + 12 = 0. Is k(z) composite?
False
Let j be (-4 - 2) + 15 + -7. Suppose 12*u = 8*u + l + 36336, 2*u = j*l + 18174. Is u a prime number?
False
Suppose 3*n = 338 + 43. Is n - (-11 - (-5 - 0)) composite?
True
Suppose 9*y - 11*y = 3*a + 15519, y = 3*a - 7764. Let q = y - -16046. Is q a prime number?
False
Suppose -40*i + 11621849 + 2114591 = 0. Is i prime?
True
Suppose 5*m + 6*m = -3*m. Suppose -11*d - 4*d + 20355 = m. Is d composite?
True
Suppose 48*g - 1701565 = -5*g. Is g prime?
False
Let y(g) = -2*g**2 - 4*g - 2. Let x be y(-3). Let o(w) = 12*w - 13. Let j be o(x). Let p = j - -666. Is p a composite number?
False
Suppose 11*m = 5*m + 39270. Suppose m = 7*x - 4564. Suppose -4*g + 4961 = -x. Is g a prime number?
True
Let t = 1594 + 44. Is 2/4*-2 + t a composite number?
False
Suppose 74*b - 71*b - 5*x = 370737, b = 3*x + 123571. Is b a composite number?
True
Let a(o) = 7*o**2 + 2*o + 3. Let j be a(3). Let z(p) = -j*p + 26 - 4 - 6 + 21. Is z(-7) composite?
False
Let b(l) = 3*l**2 - 333*l - 257. Is b(-69) prime?
True
Suppose -1043*d - 16 = -1047*d. Suppose 5*l - d*b - 3421 = 0, -l + 3*b = -3*l + 1373. Is l composite?
True
Let o be (-4 - (-3 - -2553)) + -1. Let i = 1699 + o. Let a = i + 1593. Is a a prime number?
False
Let v(n) = 30*n**2 - 192*n - 95. Is v(51) composite?
True
Let l(g) = 4766*g + 1379. Is l(3) prime?
False
Suppose -m - 4 = -3*m. Suppose 12 = m*k - 4*t, 8*k + 2*t = 3*k - 6. Suppose 4*x - 2*f + k*f - 9338 = 0, x + f = 2330. Is x prime?
True
Let u be (65 + 14)/(1*(-2)/4522). Let x be u/(-68) + (0 - 2)/(-8). Suppose 3*w - n = -3*n + x, 0 = -2*w - n + 1753. Is w composite?
True
Let w(x) = x**2 - 7*x + 8. Suppose 0 = -33*y + 35*y + 50. Let j be w(y). Suppose 2*u - d = u + 202, j = 4*u + d. Is u a composite number?
True
Suppose -29*p - 26*p = -48*p - 287623. Is p a composite number?
True
Let q(b) = 4719*b**2 + 18*b + 16. Is q(-13) prime?
False
Suppose 7 = 3*r - 2*g, r - 28*g = -30*g + 5. Suppose -33*z + 34*z = r*h - 70194, 0 = 5*h + 3*z - 117004. Is h a prime number?
True
Suppose -3*j + 4*r + 17703 = 0, 3*r - 29537 = -5*j - r. Is j composite?
True
Let w(y) = 106*y**3 - 7*y**2 + 6*y - 5. Let b be w(6). Let l(u) = u**3 + 31*u**2 + 80*u - 109. Let c be l(-28). Suppose b = -c*z + 8*z. Is z a prime number?
False
Suppose -350 + 8 = -3*f. Let a = f + -412. Let n = a - -503. Is n a composite number?
True
Let h(k) = -2*k + 2 - 14 + 3 + 5*k**2 + 4. Let r(f) = f**3 - 7*f**2 + 4*f + 9. Let d be r(6). Is h(d) composite?
True
Suppose 4*s = 4*b - 16, -3*s = -5*b + 10 + 8. Let v(q) be the second derivative of 307*q**4/6 + 2*q**3/3 + 3*q**2/2 + 3*q - 1. Is v(s) prime?
True
Let m be 87/17 + 26/(-221). Suppose -5*t - m*k = 6609 - 21289, 5*k - 15 = 0. Is t composite?
True
Suppose 0 = -3*p + 5*z + 12382, -5*z + 2*z - 20610 = -5*p. Suppose p - 167674 = -5*i + 2*a, -32723 = -i - 2*a. Is i prime?
True
Let w be ((-4)/(-6))/((-14)/(-105)). Suppose 2*b - 40 = -3*b - 2*x, -w*b = -5*x - 5. Suppose -b*z + 4*z = -1468. Is z composite?
True
Suppose 261 = -3*u - 3*m + 390, -2*u + 72 = -5*m. Suppose 3*w - 92 = w. Let p = w + u. Is p a prime number?
False
Let h = 20192 - 4333. Is h a prime number?
True
Let i(t) = 30*t**3 + 7*t**2 - 9*t - 47. Let o be i(7). Let u = o - 4174. Is u prime?
False
Suppose -5*c + 1271 = -864. Suppose 3*t - 4*b + 17 = 439, 3*t - c = 5*b. Is t prime?
False
Suppose 0 = 4*l - a - 13 - 4, 3*l - 5*a = 17. Suppose l*c - 8*c + 5*h = -51101, -h + 38340 = 3*c. Is c a prime number?
False
Let l(n) = n**3 + 6*n**2 - 10*n - 1. Let a be l(-7). Let p be 450 + 1 + (-80)/a. Suppose 4*j - j - p = 0. Is j a prime number?
True
Suppose -5*l + 1178918 = -2*d, 8*d - 943112 = -4*l + 4*d. Is l/30 - (-32)/20 prime?
False
Suppose -839190963 = -177*o + 672771888. Is o prime?
False
Suppose -20420671 = -5*h - 4*s, 13*h = 10*h - s + 12252411. Is h prime?
True
Let z(h) = 3*h**2 + 3*h - 38. Let j(r) = r**3 - 21*r**2 + r - 33. Let t be j(21). Is